Let y = d + 59. List the prime factors of y.
2, 3, 7
Suppose -327*l + 3*v - 3 = -329*l, 20 = -5*l - 2*v. Let o(s) be the second derivative of -11*s**3/6 - s. List the prime factors of o(l).
2, 3, 11
Suppose 5*k = -28*k + 6*k + 74682. List the prime factors of k.
2, 3, 461
Let k be 2/(-7) - 55/77. Let g be (k/2)/(6/144). Let s(i) = i**3 + 13*i**2 + 3*i - 7. List the prime factors of s(g).
101
Let h be 0 - 1 - (-3 - 4). Let l(v) = -v. Let m(k) = -14*k + 10. Let u(g) = 4*l(g) - m(g). What are the prime factors of u(h)?
2, 5
Let j be ((-27)/3)/(-3) - -17. Suppose p = -3*p + j. Suppose -p*c + 2*i + 488 = 0, -6 = 4*c - 3*i - 395. List the prime factors of c.
2, 7
Let q(c) = 2*c**3 - 11*c**2 - 361*c + 10. List the prime factors of q(19).
2, 3, 7, 23
Let x(r) = -152*r**3 - 4*r - 4. Let h be x(-2). Let w = h - 631. Suppose w - 58 = 9*q. List the prime factors of q.
59
Let g = -10315 + 32277. What are the prime factors of g?
2, 79, 139
Suppose -18*c - 7*c + 325 = 0. Suppose -8*y + 19908 = c*y. List the prime factors of y.
2, 3, 79
Let g = 3404 + 205. What are the prime factors of g?
3, 401
Suppose -50*g + 1606759 = 27*g. What are the prime factors of g?
7, 11, 271
Suppose 2583 = 8*r + 775. Suppose -3*g = -3*b - 27 + 201, 4*b - r = 2*g. What are the prime factors of b?
5, 11
Let j be 1/2 - 21/14. Let n be (j + 3)*2/24*6. Let q(g) = 113*g**2 + 1. List the prime factors of q(n).
2, 3, 19
Suppose -43*z = 68*z - 182*z + 1022684. List the prime factors of z.
2, 13, 277
Let j(a) = -126*a + 75. Let h be 152/(-95)*5/2. What are the prime factors of j(h)?
3, 193
Let x(r) = 2*r**3 + 14*r**2 + 31*r + 10. Let d be x(-8). Let k = 616 + d. List the prime factors of k.
2, 5
Let p(y) = y**3 + 17*y**2 + 6*y - 43. Let k be p(-16). Suppose -k*r + 120*r = 189. List the prime factors of r.
3, 7
Suppose -970*w = -974*w + 440. What are the prime factors of -107 + w - (681 - 1)/(-1)?
683
What are the prime factors of (-8)/(112/21)*(-5248)/12?
2, 41
Let m be (-234)/(-65) - ((-3)/(-5) - 1). Suppose 196 + 848 = m*i. What are the prime factors of i?
3, 29
Suppose s - 117 = -r, 3*r - 5*s + s = 337. Suppose -3*j + r = -158. Let h = 137 - j. What are the prime factors of h?
2, 23
Suppose -94*j = -101*j + 77. Suppose -309 = -3*o + 843. Suppose j*f + o = 14*f. List the prime factors of f.
2
Suppose 2*n = -3*z - 786, -z - n + 0*n - 263 = 0. List the prime factors of (-2496)/z + 1 + (-8)/5.
3
Let r(q) = 65*q**2 - 15*q - 14. Let w be r(-1). Suppose 88*c - 26554 = w*c. What are the prime factors of c?
17, 71
Suppose -2*z + 4*i - 12 = 0, -3*z + 4*i = z + 4. Suppose 478 = z*l + 3*g, 0*l - 5*g = 3*l - 353. Let r = l - 50. What are the prime factors of r?
71
Let v(j) = j**3 - 29*j**2 - 22*j - 254. Let r be v(30). Let g(f) = 9*f**2 - 20*f - 18. What are the prime factors of g(r)?
2, 1013
Suppose -8*x - 31 + 47 = 0. Suppose 6 = -x*i, 4*a - 3*i + 4 = 65. What are the prime factors of a?
13
Let y be (-95)/2*152/(-20). List the prime factors of (12/(-28))/((-5)/35) + y.
2, 7, 13
Let f = -6875 - -21547. List the prime factors of f.
2, 7, 131
Let b(k) = 31*k. Let i be b(5). Let l = i + -67. Suppose 0 = 3*z + z - l. What are the prime factors of z?
2, 11
Let q be 4*((-154)/56 - 6/(-2)). Suppose 3*t + 3*a = 15, t - q = 2*a + a. Suppose 0 = 2*f - 5*f - 2*o + 101, -t*f = -3*o - 129. What are the prime factors of f?
3, 11
Let b = -216 + 1719. List the prime factors of b.
3, 167
Suppose 4*y - 3*j + 4 = j, y = 3*j + 9. Let b be (y/(-3) - -2) + 1. Suppose -5*q = -0*q - 5*u - 305, b*q = 2*u + 311. What are the prime factors of q?
3, 7
Suppose -99*s = -100*s + 1, -2*j = -3*s - 865. Suppose 29*z = 28*z + j. What are the prime factors of z?
2, 7, 31
Suppose -5*d + 4 + 5 = 2*u, -3*u + 3 = 4*d. Let h be 12/10*(1 - (-7)/(-2)). List the prime factors of 66/((6/d)/(-2) - h).
3, 11
Suppose -10*d - 14*d + 72 = 0. Suppose -d*w = -4*q - 1153, 5*q - 359 = 10*w - 11*w. List the prime factors of w.
379
Let k(f) = 4*f + 9. Let v be k(-2). Let h(u) = v + 21*u + 19*u - 36*u + u**2. List the prime factors of h(-6).
13
Let a = 65 + -110. Let l = -89 - -167. Let c = l + a. List the prime factors of c.
3, 11
Let j = -669 - -1449. Let r = j + -514. List the prime factors of r.
2, 7, 19
Let v(o) = 252*o**2 + 13*o + 137. What are the prime factors of v(-8)?
3, 5387
Suppose 5*v = -3*v + 48. Let d be (-9 + -5 + 2)*20/v. Let b = -2 - d. List the prime factors of b.
2, 19
Let i(p) be the third derivative of p**5/30 - 5*p**4/8 - 7*p**3/6 - 1180*p**2. Let d be (-1)/4 - 23/4. What are the prime factors of i(d)?
5, 31
List the prime factors of (5/(100/(-40688)))/((-18 - -5)/260).
2, 2543
Let j be (1820/(-16) - 0) + 6/8. Let f = -153 - -90. Let u = f - j. List the prime factors of u.
2, 5
Suppose -2*b - 21 = -21. List the prime factors of (-3 + b)*(24228/(-9))/4.
3, 673
Suppose 3*w - 39 - 96 = 0. Suppose w + 60 = -2*j - 3*s, -4*j = s + 235. List the prime factors of (9/(-3))/(1*3/j).
2, 3, 5
Let j be (-2 - 720)/(3/((-21)/(-2))). Let b = j + 4037. What are the prime factors of b?
2, 5, 151
Suppose 0 = -4*b + x + x + 416, -4 = x. Let a = b + -77. Suppose 5*w + a = 0, 3*v - 3*w + 33 = 5*v. List the prime factors of v.
2, 3
Suppose -16*x + 48*x = -50*x + 1232542. What are the prime factors of x?
15031
Suppose 437067 = 93*o - 140455 - 1314935. What are the prime factors of o?
3, 7, 17, 19
Let w = -501 + 409. List the prime factors of w/115 - (-1228)/10.
2, 61
Suppose -39408 = -4*g - 3*r, 11*g - 10*g + 3*r = 9852. What are the prime factors of g?
2, 3, 821
Let c = 9933 - -2890. What are the prime factors of c?
12823
Let o = -27 - -31. Suppose -w - 1 = -o*k, 6 = -k - 4*w - 15. List the prime factors of (-109 + 2)*(2 - 1)*k.
107
Let p = 40 + -79. Let l = -46 - p. List the prime factors of 4/14 + (-649)/l.
3, 31
Suppose 0 = 173*t + 2694344 - 15619520. List the prime factors of t.
2, 3, 11, 283
Let n(y) = -y**3 + 14*y**2 - 15*y + 13. Let v(k) = -k**3 + 4*k**2 - 3*k - 3. Let q be v(4). Let u be ((-20)/6)/(5/q). List the prime factors of n(u).
263
Let r = -22 + 31. Suppose -33*o = -30*o - r. Suppose o*u + 14*u - 2363 = 0. What are the prime factors of u?
139
Suppose -54569 = -3*t - 426*i + 421*i, -t + 18185 = -3*i. List the prime factors of t.
2, 4547
Suppose -1212 = -4*r + 4*m, 0 = -2*r + 3*r + 2*m - 300. Let i = r - 164. What are the prime factors of i?
2, 3, 23
Let d(n) = -30*n + 24. Let w be d(1). List the prime factors of (351/(-2))/(-1)*(-4)/w.
3, 13
Suppose 203088 = 14*z - 198278. What are the prime factors of z?
28669
Let v(s) = -1038*s - 3411. List the prime factors of v(-6).
3, 313
Suppose -92*y = -84*y - 40. List the prime factors of ((-14150)/(-4))/y*(-23 - -25).
5, 283
List the prime factors of (0 - 31490)*(-69)/115.
2, 3, 47, 67
Let z(v) = -v**3 + 30*v**2 + 3*v - 23. What are the prime factors of z(11)?
2309
Suppose 0 = -4*o + 5*f + 481, 3*o - 113 - 253 = 2*f. List the prime factors of (2 - 3) + (2*o - -1).
2, 31
Suppose -5*f = 10 - 30. Let n = -30 + 50. Suppose -4*w + 418 = 2*m - f*m, -4*m = n. List the prime factors of w.
2, 3, 17
Let d(x) be the third derivative of 121*x**4/24 + x**3/3 - 8*x**2. Let o(h) = -h - 3. Let n be o(-4). List the prime factors of d(n).
3, 41
Suppose 0 = -g - 698 + 134. Suppose -4*j - w = -78, -23 = -4*j + 2*w + 61. What are the prime factors of (-8)/j + g/(-10)?
2, 7
Let w = -98 - -111. Suppose -w*q + 24*q = 3520. What are the prime factors of q?
2, 5
Let d(p) = -21*p + 7*p + 8*p - 22 + 10*p. Let t be d(8). List the prime factors of 25/t*(-1)/5*-88.
2, 11
Let v = -3397 - -18535. What are the prime factors of v?
2, 3, 29
Let l(r) = -270*r + 31. Suppose -4*j = 20, 3*b - 9 = -50*j + 53*j. What are the prime factors of l(b)?
571
Suppose 9 = 5*n + 4*t, -3*n + 4 = 3*t - 2*t. Let r(o) = n + 3*o**2 - 3 + 4*o - 7 - o. List the prime factors of r(-5).
3, 17
Suppose -37*m + 54*m - 2118270 = -38*m. What are the prime factors of m?
2, 3, 7, 131
Suppose -3*a - 3*p = -2*p - 21, -3*a - 2*p + 24 = 0. Suppose -21 - 63 = a*y. List the prime factors of 471/9 - y/21.
53
Let o = 296 + 4021. List the prime factors of o.
3, 1439
Let w(z) = 6*z + 4. Let p = 5 - 3. Let m be w(p). Suppose -m*n + 12*n = -268. What are the prime factors of n?
67
Let x = 15353 - 4701. List the prime factors of x.
2, 2663
Let v(g) = 17*g**2 - 28*g + 11. L